et s(k) = 159*k - 1. Calculate the remainder when s(1) is divided by y.
38
Suppose -2*i - 2954 = -3*f, 12*f - 9*f + 5*i = 2989. Calculate the remainder when f is divided by 12.
4
Let x(r) = 2*r. Let u(w) = w**2 + 4*w - 57. Let g(d) = -u(d) + 6*x(d). Calculate the remainder when 45 is divided by g(11).
21
Suppose 0 = -2*o + 4, -4*k - 5 = -5*k + 3*o. Suppose k*t - 69 = 8. What is the remainder when 58 is divided by t?
2
Suppose 13272 = 57*y + 1986. What is the remainder when y is divided by 96?
6
Suppose 9*a = 19 + 89. Let b = 3 - -27. Let y = b - a. Calculate the remainder when 35 is divided by y.
17
Let z = 472 - 38. Calculate the remainder when 871 is divided by z.
3
Let h(v) = -21*v - 106. Let j be h(-13). Let t = j - 86. Calculate the remainder when t is divided by 23.
12
Let i = -381 - -408. Calculate the remainder when 57 is divided by i.
3
Let x(s) = -36*s**3 - 7*s**2 + s + 5. Let l be x(-2). Suppose -829 - l = -28*o. What is the remainder when o is divided by 25?
14
Suppose -211 = -37*o - 26. Let i(f) = -f**2 - 9*f - 11. Calculate the remainder when i(-5) is divided by o.
4
Suppose -z + 404 = 5*h, 2*h + 3 = 1. Suppose -4*i = 20, -5*i - z = -o - 3*o. Calculate the remainder when o is divided by 25.
21
Suppose -3*x = 3*l - 85 - 731, x - 271 = -2*l. Let g = x - 260. Calculate the remainder when g is divided by 6.
1
Suppose -3*i - 2503 = -2584. Let k(b) = -b**2 + 1. Let d be k(5). Let w = i + d. What is the remainder when 15 is divided by w?
0
What is the remainder when 10 is divided by ((-356)/(-534))/(1 - 38/42)?
3
Let t(c) = -795*c**2 + 2*c + 3. Let s be t(-1). Let l = -432 - s. What is the remainder when l is divided by 11?
10
Let w be -2*(30/40)/((-1)/6). Let f = -6 + w. What is the remainder when (234 + f)*(14/6 + -2) is divided by 20?
19
Suppose 10*m + v - 68006 = 5*m, 0 = 2*m + 2*v - 27204. Suppose m = 8*z + 21*z. What is the remainder when z is divided by 79?
74
Suppose -85*t + 2570 = 3*t - 4558. What is the remainder when 2993 is divided by t?
77
Let i be 8/(-6) - (-13446)/243. Suppose 26*x + 308 = i*x. What is the remainder when 96 is divided by x?
8
Let f be (-142)/(-12) - (-20)/(-24). Let h(u) = u**2 - 9*u + 2. What is the remainder when 68 is divided by h(f)?
20
Let p = -13203 + 13229. Calculate the remainder when 189 is divided by p.
7
Suppose -4*i + 5*j = -7, i + 3*j = 3 + 3. Suppose i*d - 3 - 6 = 0. What is the remainder when 46 is divided by -4 + 2*(d - -5)?
10
Let l = -968 - -1027. Calculate the remainder when l is divided by 15.
14
Suppose -2179 = -71*m + 2010. Calculate the remainder when 102 is divided by m.
43
Let k be 9 - 2 - (19 + -1). Let l(h) = 4*h**2 + 36*h - 3. Calculate the remainder when 252 is divided by l(k).
82
Let s(o) = o - 9. Let x be s(4). Let i(r) = -2*r**3 - 5*r**2 + 3*r + 6. Calculate the remainder when i(x) is divided by 7.
4
Let w(t) = 7*t - 64. Let z be 12 - (-1)/(-3 + 8 - 4). Calculate the remainder when 159 is divided by w(z).
24
Let s = -160 + 179. Suppose -13*l = -s*l + 204. What is the remainder when 64 is divided by l?
30
Let s = 410 - -3586. Suppose 0 = -24*h + 60*h - s. Calculate the remainder when 212 is divided by h.
101
What is the remainder when 186 is divided by 1320/32 - 27/6 - 1/(-4)?
1
Let a = -87 + 90. Suppose -a*k + 5*k - 80 = 0. Suppose c = -3*c + k. Calculate the remainder when 119 is divided by c.
9
Let f(m) = 438 - m + 22*m + 58*m - 5*m. What is the remainder when f(-5) is divided by 7?
5
Calculate the remainder when 720 is divided by 3*81 + -310 + 299.
24
Suppose -4*k - 20 = 0, -2*c + k = -147 + 18. Let b = 50965 - 50953. Calculate the remainder when c is divided by b.
2
Suppose -16*x = -29*x + 3705. Let r = x + -171. What is the remainder when r is divided by 53?
8
Let x = -32 + 37. Suppose 0 = 5*u - x - 15. Suppose 11*k = u*k + 119. What is the remainder when 31 is divided by k?
14
Let h = -497 + 513. Suppose -h*f = 46*f - 496. Calculate the remainder when 129 is divided by f.
1
Suppose 24*w - 852 = 36*w. Let l = w - -101. What is the remainder when 657 is divided by l?
27
Let v(d) = -2*d + 37. Suppose -2*j + 4*s = 12, 12 = 4*j + 5*s - 4*s. Let a = 17 + j. What is the remainder when v(-9) is divided by a?
17
Let r = -2853 + 5970. What is the remainder when r is divided by 16?
13
What is the remainder when 5490/15 - 3 - -23 is divided by 79?
70
Let i(z) = 2*z - 15. Calculate the remainder when 56/6 - 30/(-45) is divided by i(10).
0
Suppose -o + 2 = -3. Suppose -10*p = 9 - 19. Let b(r) = 13*r**3 + 3*r**2 - 5*r + 3. Calculate the remainder when b(p) is divided by o.
4
Suppose -2*n + 94 = -0*n. Suppose 2*t - n = p + 2*p, 3*t - p = 67. Calculate the remainder when t is divided by (-4)/(-6)*(-3 + 21).
10
Calculate the remainder when 1021 is divided by (12/(-10))/(-2 + 561/285).
33
Let h(o) = -o**3 - o**2 - 12*o - 3. What is the remainder when h(-7) is divided by (-1 - (-20 + 1))*3?
51
Suppose 2*z - 2 = -2*r + 13*z, 4*z = -2*r + 62. What is the remainder when 1378 is divided by r?
21
Suppose -150*m + 146*m + 140 = 0. Calculate the remainder when (-4950)/(-125)*10/4 is divided by m.
29
Let d = 690 - 603. Suppose u - 206 = d. Calculate the remainder when u is divided by 37.
34
Let g(z) = -2*z**3 + 77*z**2 - 17*z - 535. What is the remainder when 795 is divided by g(38)?
6
Let j(t) be the third derivative of -t**4/12 - 23*t**3/3 - 3*t**2 + 40. What is the remainder when 103 is divided by j(-29)?
7
Suppose 40*p - 3562 - 1767 = 2471. Calculate the remainder when 2918 is divided by p.
188
Let z(l) = -l**2 + 108*l - 7. What is the remainder when 14780 is divided by z(3)?
304
Let s be (2 - (0 - 2)) + (-288)/(-24). Suppose s*u - 148 = 188. What is the remainder when 52 is divided by u?
10
Suppose -34*m - 3*d + 990 = -31*m, 4*d - 981 = -3*m. Calculate the remainder when 684 is divided by m.
6
Suppose 36*n + 17744 = -20*n + 43896. Calculate the remainder when n is divided by 205.
57
Suppose s - 4*j - 23 = 0, -15*j + 20*j = 5*s - 40. Suppose -5*i + 249 + 96 = 5*a, -278 = -4*i - s*a. Calculate the remainder when i is divided by 12.
11
Let w(a) = -a**3 - 6*a**2 + 24*a + 170. What is the remainder when w(0) is divided by 104?
66
Suppose -2*v + m + 184 = 0, 11*v = 14*v + m - 271. Suppose -15*o = -v - 1274. What is the remainder when o is divided by 47?
44
Let z be ((-2)/(-3))/(2/(-3)). Suppose 9*b - 12*b + 2*x = -10, -4*x = -5*b + 18. Calculate the remainder when 14 is divided by (z/b + 1 + -1)*-6.
2
Let n = -267 + 189. Let p = n + 150. Let o = 83 - p. Calculate the remainder when 41 is divided by o.
8
Calculate the remainder when (3/((-3)/481))/(-1) is divided by 30/24 + 12/48*83.
19
Let t = 9435 - 9423. Calculate the remainder when 374 is divided by t.
2
Let v(z) = -6*z**3 - 114*z**2 - 4*z - 47. Let t = 85 + -42. Calculate the remainder when t is divided by v(-19).
14
Let k = -6367 + 6400. Calculate the remainder when 983 is divided by k.
26
Suppose 0 = o - 3, 12*o = -b + 8*o + 22. Calculate the remainder when (-488)/(-18) + (7 - 704/99) is divided by b.
7
Let x(y) = -4*y - 27. Let p be x(-12). Let n = p + 30. Suppose -n*g = -52*g + 16. Calculate the remainder when 125 is divided by g.
13
Let u = 2449 - 2394. What is the remainder when 595 is divided by u?
45
Suppose -3*i + 651 = 4*x, 4*x = -0*i - i + 641. Calculate the remainder when x is divided by 81.
78
Suppose 20505 + 1620 = 295*u. Calculate the remainder when 376 is divided by u.
1
Suppose -2271*a + 2262*a + 1125 = 0. Calculate the remainder when a is divided by (56/(-10))/((-16)/40).
13
Let u(l) = -l**3 + 43*l**2 + 13*l + 192. What is the remainder when u(41) is divided by 29?
27
Let b(k) = 12*k**3 + k**2 + 97*k - 97. What is the remainder when 108 is divided by b(1)?
4
Let v be 4/(-18) - ((-1190)/90 - 3). Suppose -v*m - 23 = -17*m. Calculate the remainder when 158 is divided by m.
20
Suppose 0 = -51*g + 11113 + 10052. What is the remainder when g is divided by 70?
65
Suppose q = -d - 26 + 60, 0 = -3*q + 5*d + 70. Calculate the remainder when 77 is divided by q.
17
Let m(j) = j**3 - 55*j**2 + 15*j - 753. Calculate the remainder when 200 is divided by m(55).
56
Suppose 19*i - 12*i + 40*i = 470. Let d = 147 - 48. Suppose c = i + d. Calculate the remainder when c is divided by 30.
19
Suppose 0 = -16*v + 17*v - 41. Suppose -42*t + 42 =